he tens digit of o?
1
Suppose 3*j = 47 + 4. Let q = j - 15. Suppose 5*c = a - 34, 2*a - 3*c - q*c - 58 = 0. What is the tens digit of a?
2
Suppose 8*f - 288 = 256. What is the units digit of f?
8
Suppose 90 = -4*u - 2*f, -5*u + f - 80 = 36. Let h = 223 + u. What is the units digit of h?
0
Suppose 2*t + 20890 = 5*r, -5*r = -8*r - t + 12523. What is the hundreds digit of r?
1
Let v(s) = -s**2 + 7*s - 2. Let i be v(5). Let w(q) = -3*q - 4*q + i + 6*q. What is the units digit of w(7)?
1
Let b(k) = 4*k**3 + k**2 + k. Let i be b(1). Let d(z) = 4*z + i - z - 5*z. What is the tens digit of d(-7)?
2
What is the units digit of -60*(1 + -2) - -3?
3
Let u(v) = 50*v - 49. Let d(x) = -17*x + 16. Let t(z) = 7*d(z) + 2*u(z). What is the units digit of t(-5)?
9
Suppose -5*c - 2*p + 49 = -0*p, 3*p - 6 = 0. Let s = 9 - c. Suppose s = -y + 20 + 10. What is the units digit of y?
0
Suppose -n - 3*d + 381 = -412, 5*n - 4*d - 3908 = 0. What is the tens digit of n?
8
Let b(i) = i**3 + 7*i**2 - 6*i + 7. Let x be b(-8). What is the units digit of (x/(-6))/((-6)/(-112))?
8
Let q(u) = -115*u - 134. What is the hundreds digit of q(-15)?
5
Let i(g) = 2*g**3 + 11*g**2 - 11*g + 5. Let j be i(-9). Let h = -330 - j. What is the tens digit of h?
3
Let t(u) = 55*u**2 + 6*u - 39. What is the hundreds digit of t(-8)?
4
Let u(k) = -k**3 - 21*k**2 + k + 11. Let f be u(-21). Let s = f - -70. What is the units digit of s?
0
Suppose 4*o = 4*z - 1936, -3*z = -3*o + 2*o - 1460. What is the units digit of z?
8
Let b = 26 - 23. Let u(o) = o**2 - 3*o. Let f be u(b). Suppose f = d - 18 - 8. What is the tens digit of d?
2
Let g(f) = 2*f - 24. Let y be g(12). Suppose y = -4*q + 316 - 112. What is the units digit of q?
1
What is the hundreds digit of (0 + 179/(-2)*-1)*4?
3
Let j = 509 + -467. What is the units digit of j?
2
Let t = 42 - 56. Let s = t - -94. What is the tens digit of s?
8
Let t = 86 - 10. Let q(m) = -m**2 + 15*m - 31. Let g be q(16). Let u = t + g. What is the units digit of u?
9
Let h be 28/30*354 + (-6)/(-10). What is the hundreds digit of -1 - (2 - h) - (0 - 1)?
3
Let d(q) = 3*q + 46. Suppose -4*x - 4*k = 4, -x - 1 = -4*k - 5. What is the units digit of d(x)?
6
Suppose -5*b + 31 = 3*c, 4*c + 5 = -b + 18. Suppose -4*y - 231 = -6*q + 3*q, 0 = c*y. What is the tens digit of q?
7
Let v = -20 - -24. Suppose 184 = 3*d + v*j, 3*d + 3*j = -0*j + 183. What is the units digit of d?
0
Suppose 10464 = -o + 9*o. What is the hundreds digit of o?
3
Suppose 0 = -u - u - 2*a + 12, 2*a + 44 = 5*u. Suppose -5*m = -m - u. Suppose -m*g + 2*t = -2*t - 24, 2*g = -t + 44. What is the tens digit of g?
2
Let v = 1921 + -1077. What is the tens digit of v?
4
Let c = 10 - -957. What is the tens digit of c?
6
Let f(r) = 0 + 0 + 3*r + 1. Let s be (-5)/(-1*(3 - 2)) + -1. What is the tens digit of f(s)?
1
Let y(j) = -j**2 + 7*j - 14. Let v be y(3). Let m(d) = -12*d + 18. What is the units digit of m(v)?
2
Let s(h) = -h**3 + 8*h**2 - 4*h + 7. Let a be s(5). Suppose -2*l = -2*t - a, -2*t - 34 = -3*l + 27. Let k = 73 + t. What is the units digit of k?
1
Let p(s) = 19*s**2 + 18*s + 14. What is the tens digit of p(-4)?
4
Let j(m) = m**3 + 40*m**2 + 65*m + 123. What is the thousands digit of j(-35)?
3
Let c be (184/(-6))/((-8)/12). Let b = 15 - c. Let g = b + 54. What is the units digit of g?
3
Suppose h - 475 = 80. What is the hundreds digit of h?
5
Let t = -1377 + 2496. What is the hundreds digit of t?
1
Let f = -31 + 144. What is the units digit of f?
3
Let t = -32 + 937. What is the tens digit of t?
0
Let z be (-4706)/(-12) + 57/(-18) + 3. Suppose -9*f = -2*f - z. What is the units digit of f?
6
Let d(n) = -3*n + 2*n**2 - 12*n**2 + 1 + 3*n**2 + 9*n**2 - 3*n. Let r = -7 + 11. What is the units digit of d(r)?
9
Suppose 5*w = -0*w - 10. What is the units digit of (-85)/(-30) - (52/(-24) - w)?
3
Suppose -3*z - 2*x + 115 - 339 = 0, 4*x - 20 = 0. Let o = z - -119. What is the units digit of o?
1
Let g(l) = l**2 + 4*l + 5. Let k be g(-5). Suppose 7*j - k*j + 15 = 0. Suppose 11 + 9 = j*a. What is the units digit of a?
4
Let z = 1714 + -1200. What is the tens digit of z?
1
Let v = -18 + 37. Let k = -16 + v. What is the tens digit of (-690)/(-24) - k/(-12)?
2
Let h(r) = r**3 + 15*r**2 + 21*r - 17. What is the hundreds digit of h(-10)?
2
Let n be (-6)/12*32*-1. Suppose -3*w - n = -73. What is the tens digit of 1 - 3 - (6 - w)?
1
Suppose -5*j + 468 = 88. Suppose 3*l - 2*r = 94, j + 26 = 4*l + 2*r. Let u = l - 11. What is the units digit of u?
7
What is the units digit of (4/(-12) + 1)*(-5436)/(-8)?
3
Suppose -7 = -2*k + 4*f + 1, 4*k = -4*f - 8. Suppose 3*n = -3*i + 39, k = 5*i - 4*i - n - 9. Suppose -i*s + 24 = -10*s. What is the units digit of s?
4
Suppose 346 = 3*c + 2*f, -c = -2*c + f + 117. Let i = c - 52. What is the tens digit of i?
6
Let g(c) = 3*c**2 + 2*c + 6. Let d = -32 - -29. What is the tens digit of g(d)?
2
Suppose -v + 5*w - 65 = 3*w, -4*v - w - 215 = 0. What is the tens digit of (2 - v)/1 + 3?
6
Suppose 8 = 3*n + 2, -o + 14 = 5*n. Suppose 0 = -o*a + t - 5*t + 20, -t = 2*a - 13. Suppose 105 = 5*p + 2*c, p - 29 = 4*c - a. What is the tens digit of p?
2
Let c = -109 - -109. Suppose c = 40*k - 36*k - 472. What is the units digit of k?
8
Let g be 7 - 2*6/(-4). What is the units digit of (192/g)/((-8)/(-40))?
6
Suppose -3*u - 4*h = -7*u + 4952, -2*h + 6211 = 5*u. What is the thousands digit of u?
1
Let j(w) = 2*w - 6. Let k be j(9). Suppose h = 4*h - k. What is the units digit of h/2 + 0/(-1)?
2
Suppose 4*s - 106 = -0*w + 2*w, 5*s + 2*w - 155 = 0. Let q = s - 7. Suppose -10*k = -11*k + q. What is the tens digit of k?
2
Let s = 20 + -15. Let h = -2 + s. Suppose -5*m + 3*o + 61 = 0, 4*m - 5*m + 17 = -h*o. What is the units digit of m?
1
Let h = -234 - -291. What is the units digit of h?
7
Suppose -3*x = -2*l - 3*l + 329, -2*l + 116 = 4*x. Let j = -40 + l. What is the units digit of j?
4
Let r = 7 - 11. Let a be 2 + r + 1 + 6. Suppose -h = h - 5*z - 109, -h = a*z - 32. What is the tens digit of h?
4
Suppose 0 = -q - 2*b - 44, -3*q - 103 = -q + b. Let t = 6 + q. Let a = t + 68. What is the tens digit of a?
2
Let m = -17 + 14. What is the units digit of 9/m + -1 + 16?
2
Suppose -12*w - 35*w + 37788 = 0. What is the tens digit of w?
0
Let d be (6/(-2))/((-9)/12). Suppose -3 = d*f - 3*m, 0*m - 3*m = -15. Suppose -36 = -f*c + g + 3*g, -24 = -2*c + 4*g. What is the tens digit of c?
1
Suppose -46*y = -59655 + 10021. What is the units digit of y?
9
Let x(t) be the second derivative of -t**5/20 - 7*t**4/12 - t**3/3 + 8*t**2 - 16*t. What is the tens digit of x(-7)?
3
Let h be (3 - 1) + 55 - 0. Suppose 6*m = 477 - h. What is the tens digit of m?
7
Suppose 13056 = -10*i + 31486. What is the hundreds digit of i?
8
Let d(m) = -m**3 - 4*m**2 + 14*m + 8. Let t be d(-6). Let f(y) = 2 - 7*y**2 - 2*y**3 - 1 + 0 - 4*y. What is the units digit of f(t)?
3
Let z be -1 + 1 + -4 + 1. Let u = 37 + z. What is the units digit of u?
4
Suppose 2*b + o = 200 + 723, 4*b - 3*o - 1821 = 0. Let d = -220 + b. What is the units digit of d?
9
Suppose -66759 = -32*l + 15*l. What is the hundreds digit of l?
9
Suppose 3*o = -4*b + 2715, 3*b - 6*b = 2*o - 1810. What is the hundreds digit of o?
9
Suppose 0 = -3*z - 8*t + 10*t - 368, 3*z - 4*t + 376 = 0. What is the units digit of z*-3*(4 - 44/12)?
0
Let f = 541 - 480. What is the tens digit of f?
6
Let k = 586 - 108. What is the tens digit of k?
7
Let d be ((-1)/(-1) + -3)/(-1). Suppose -4*j = d - 10. Suppose 0 = -j*m - 0*m + 36. What is the units digit of m?
8
Let s be (-171)/(-33) + (-4)/22. Let t(y) = -y**3 + 4*y**2 + 4*y + 5. Let o be t(s). Suppose 5*f = -o*f + 235. What is the units digit of f?
7
Let b = -147 + 352. What is the tens digit of b?
0
Suppose 0 = -86*b + 120*b - 74392. What is the thousands digit of b?
2
What is the units digit of 133/(7 + 0)*10?
0
Let m = 48 + 72. Suppose 4*l - l - 128 = -4*a, -l = 4*a - m. What is the units digit of a?
9
Let w(k) = k**2 + 5*k + 3. Let z be w(-5). Let g(y) = -8 + z - y - 6*y - 9*y. What is the units digit of g(-4)?
9
Let l be 2/(-2) - (-1 + -1). Let o be (-2)/5*(-11 + l). What is the tens digit of 132/8 - 6/o?
1
Let i(a) = 67*a**3 - 34*a**3 - 32*a**3 + 101 - a. What is the hundreds digit of i(0)?
1
Suppose -3*s = -s - 10. What is the tens digit of 95/1